 - 4. Let x be u(7). Let b(t) = -4*t**2 + 8*t**2 + 332*t**3 - 5 + t - 333*t**x. Give b(4).
-1
Suppose 3*j - 5 - 16 = 0. Let d be 0*(-3)/(j - 1). Let s(w) be the first derivative of w**2/2 - w - 5. Determine s(d).
-1
Let c be 11 + (-1)/(3/(-9)). Let v = -17 + c. Let x(o) = o**3 + 3*o**2 - 3*o - 1. What is x(v)?
8
Suppose -2*j - 4*j = -24. Let f(m) = -m**2 + 4*m - 6. Determine f(j).
-6
Let x be 2 - (-1 - -2) - -9. Suppose 3*a = -5*i - 14, 4*i + x = -4*a - 6. Let q(r) be the third derivative of r**6/120 + r**5/30 + 2*r**3/3 + 2*r**2. Give q(a).
-5
Let n(h) be the second derivative of -h**5/20 - h**4/2 + h**3/6 + h**2/2 + 17*h. Calculate n(-6).
-5
Let f(y) = -2*y + 1. Let c(j) = j**3 - 3*j**2 + 2. Let r be c(3). Suppose 2 = 3*o + l, 9 = 4*o + o - 4*l. Let z = o + r. Determine f(z).
-5
Let d(r) = 8*r**2 - 14*r. Let v(h) = 3*h**2 - 5*h. Let z(w) = 4*d(w) - 11*v(w). Let t be 6/(-10) - 40/(-25). Calculate z(t).
-2
Let l(f) = -f**2 - 7*f - 1. Suppose 3*w + 43 = 55. Let z be (2 - w)*6/4. Determine l(z).
11
Suppose -2*g + 14 = 3*t - t, 3*g = 5*t - 11. Suppose 0 = t*s + 14 + 6. Let l(w) = w**3 + 6*w**2 + 7*w + 7. Give l(s).
-3
Let r(w) = -w**3 + 6*w**2 - 3*w - 6. Let u = -7 + 10. Suppose 0 = u*l - 0*l - 12. Suppose 20 = l*b - 0. Determine r(b).
4
Let m(i) be the third derivative of -i**7/2520 + i**6/120 - i**5/120 - i**4/6 + 2*i**2. Let t(s) be the second derivative of m(s). What is t(5)?
4
Let u(d) = -d**2 + 3*d - 3. Let x = 18 - 12. Suppose 3*b = x*b - 18. Suppose a - b = -a. Give u(a).
-3
Let o(z) = -z**3 - z**2 - z + 1. Let r be 9 - (1 + 2 + -1). Let x = 13 - r. Suppose -3*b + 0*b - x = 0. Calculate o(b).
7
Let x(b) be the second derivative of b**5/20 - b**4/12 - b**3/6 + b**2/2 - 16*b. Calculate x(1).
0
Let p(h) = -7 + 0 + 9 + h - 4. Determine p(3).
1
Let v = 5 + -3. Let g(i) = -5 - 3*i + 4 - 2*i**2 + 3*i**v. Suppose -5*w - 2*l - 4 = -3*w, 0 = 2*w - 4*l - 20. What is g(w)?
-3
Suppose -2*f - 5*g = 1, 5*f + 4*g + g = 5. Let c be 0/(-3 + (0 - -2)). Let h(d) = -4*d + 3 + c*d - 2*d. Give h(f).
-9
Let r(x) = -x**3 + 5*x**2 - 2*x - 3. Let z be -2*1/((-4)/(-16)*-2). What is r(z)?
5
Let p(j) = -7*j**2 + 3*j + 18*j**2 + 1 - 10*j**2. Let h(m) = -4*m + 10. Let k(d) = -d + 3. Let u(i) = 2*h(i) - 7*k(i). Let s be u(3). Calculate p(s).
5
Let u(f) = 3*f**3 + 2*f - 1. Let l(d) = d**2 - 5*d + 3. Let r be l(6). Let k = 4 - r. Let t = -4 - k. Calculate u(t).
4
Suppose -4*s = -5*s - 26. Let i be s/(-143) + 2/(-11). Let p(f) = f**3 + f**2 - f + 1. Give p(i).
1
Let j(u) = u + 5. Let r be j(-2). Let d(g) = -g - 2. What is d(r)?
-5
Let d = 27 + -38. Let u = 7 + d. Let f(r) = r**2 + 3*r - 3. Calculate f(u).
1
Let p = -1 + 3. Let i(j) = 0*j - p + 4*j - 2*j + 4*j**2 - 3*j**2. Determine i(-3).
1
Let z(h) = 4*h - 2. Let i be z(2). Let b(q) = -q - i - q - 2*q. Let u = -1 - 3. Calculate b(u).
10
Let z = -113 - -122. Let o(a) = a - 16. What is o(z)?
-7
Let a(u) = 9*u**2 - u - 6. Let s(b) = 5*b**2 - 3. Let o(z) = -4*a(z) + 7*s(z). Let r be o(5). Let k(g) = -g**2 - 1 - g**3 - 2 + 1. Calculate k(r).
2
Suppose -3*h + 3*s - 10 = 14, -3*s = 4*h + 11. Let r(p) = p**2 + 6*p + 6. What is r(h)?
1
Let y(q) = q**3 - q**2 + 2*q. Let d(u) = -u**3 + u**2 - u + 1. Let i(n) = 3*d(n) + 2*y(n). Determine i(0).
3
Let s(f) = f**2 - 3*f + 2. Let q be s(3). Let v(m) = -7*m**q - 1 + 2*m - 2*m + 2*m**2. Calculate v(-1).
-6
Let m(t) = 2*t + 26. Let u be m(-12). Let s(x) be the second derivative of 0*x**u + 5/3*x**3 - x + 0. Determine s(-1).
-10
Let u(r) = 7*r. Let k(t) = t. Let y(f) = -35*k(f) + 6*u(f). Give y(1).
7
Let y(p) = -p**3 + 2*p**2 + 3*p - 3. Let v(k) = k**2 + 4*k - 10. Let g be v(-6). What is y(g)?
3
Let g(n) = 4*n + 8. Let b be g(-2). Let z(q) = q**3 - q**2 - q + 2. Determine z(b).
2
Let y = 1 - -1. Let m(w) = 0*w**2 + 3*w**2 - 2*w**y + 4 + 7*w. Let u = -17 + 12. Give m(u).
-6
Let u(m) be the third derivative of m**4/12 + m**3/6 - m**2. Let x(g) = g + 1. Let d(p) = u(p) - 3*x(p). What is d(0)?
-2
Suppose g + 4 = b - 0*b, -3*g = 5*b - 20. Let k(u) = 1 - 7 - 3*u + 2*u + b. What is k(0)?
-2
Let y = -80 - -136. Let m(t) = -y*t + 32*t + 26*t - 4. Let u(g) = -g**2 + 5*g + 3. Let v be u(5). Determine m(v).
2
Let w(s) = -s. Suppose -4*x + 0*b - 50 = 2*b, -4*b + 10 = -2*x. Let j = 5 + x. Determine w(j).
6
Let p = 0 + 7. Let i = 11 - p. Let d(o) = -o**3 + 3*o**2 + 2*o - 3. Give d(i).
-11
Let p(v) = 7*v + 2. Let u be 29/29*(-1 - (0 - -1)). Determine p(u).
-12
Let d(y) = -5*y**3 - 3*y**3 - 5*y + 0*y - 5*y**2 - 6. Let t(p) = -9*p**3 - 6*p**2 - 6*p - 7. Let i = 6 + -13. Let b(x) = i*d(x) + 6*t(x). Calculate b(-1).
-2
Let r be (-4)/(-4) + 1 + 0. Let b(s) = -6*s + 3*s**3 - 2*s**3 + 3*s + 3 - 4*s**r - 2*s**3. Let t = 7 - 10. Determine b(t).
3
Let v(q) be the third derivative of q**4/6 + q**3/3 + 9*q**2 + 3*q. Give v(3).
14
Suppose 4*x + 8 = 0, -6*h + x = -7*h + 3. Let g(r) = -8*r**2 + 2 + r**3 - 1 + 3*r**2. What is g(h)?
1
Let i be 0*((-1 - -2) + 0). Let o(t) be the third derivative of 0*t + 5*t**2 + 0 - 1/24*t**4 + 5/6*t**3. Give o(i).
5
Let z be 2 - 1 - (1 - 3). Let b(j) = 3*j**3 - 2*j**z - 2*j**3 - j. Let w(h) = -h + 6. Let n be w(7). What is b(n)?
2
Let r(t) = -t**3 + 2*t**2 - t + 2. Suppose 12 = 4*s - 12. Suppose -2*x + w - s*w + 29 = 0, -4*w = -4*x - 12. Give r(x).
0
Let c(y) = 2*y + 2*y - 3*y**3 + 2*y**3 - 2 + 2*y**2. Let p(t) = 13*t + 29. Let a be p(-2). Give c(a).
1
Let b(y) = 4*y**2 + y - 1. Suppose -5*f = -3*f. Let n(a) = a**3. Let d be n(1). Let j = f + d. Give b(j).
4
Let v(r) = -5*r + 5. Suppose -3*n - 3 = 3*s, -5*n - 10 = -n + 2*s. What is v(n)?
25
Let a = 4 - 6. Let x be 0/6 + (-3 - a). Let v(o) be the first derivative of -4*o**3/3 + o**2/2 + o + 1. Give v(x).
-4
Suppose b - 2 = -3*h - 0, 0 = -h - 4*b - 14. Let t(k) = 0*k + h + k - 2. Give t(0).
0
Let o(i) = 3. Let j(s) = s + 8. Let k(l) = 4*j(l) - 11*o(l). Let h = -10 - -11. Determine k(h).
3
Suppose 101 = 7*w + 87. Let h(y) = 3*y - 5. Determine h(w).
1
Let o(f) = 2*f - 6. Let l(p) = p**3 + 8*p**2 - 9*p + 6. Let d be l(-9). Let b = d - 1. Suppose n + 3 = -4*w - 0, 31 = b*n - 3*w. What is o(n)?
4
Let f(r) be the third derivative of -r**6/120 - r**5/15 + r**4/6 - 5*r**3/6 + 14*r**2. Let v be (3/(-6))/((-1)/(-10)). Calculate f(v).
0
Let p(s) = s**2 + s + 1. Let c be p(-2). Let a(t) = -1 + 2*t**3 - 4*t**2 + 2 - t**c. Suppose -20 = -49*k + 44*k. Give a(k).
1
Let h(d) = -d**3 + 5*d**2 - 3*d - 5. Let b(x) = -x + 1. Let k(s) = -3*s + 15. Let r(f) = -4*b(f) + k(f). Suppose 3*u - 14 = 5*u. Let g be r(u). Give h(g).
-1
Let o be 2 + -2 + 0 + 4. Let v(j) = -6*j + 0*j - j**2 - j + 2 + o*j. Determine v(-5).
-8
Let h(b) = b**2 - 9*b + 9. Suppose 4 = -2*n + 20. Let d be h(n). Let k be -1 + d - 4/2. Let z(a) = 2*a**2 + 2*a - 1. Calculate z(k).
3
Let k = -4 + 5. Let z(i) = i**2 - 1 - 6*i - k - 2*i**2. Let v = 3 - 7. Give z(v).
6
Let l(g) = -4*g**3 - 4*g**2 + g. Let w = 11 + -8. Let a(k) = -8*k**w - 2*k**2 - 8*k**2 + 3*k**2 + 2*k. Let s(y) = 6*a(y) - 11*l(y). What is s(-1)?
5
Let a(t) = -2*t**3 + 17*t**2 - 3*t. Let o = -18 - -11. Let r(v) = -v**3 + 8*v**2 - 2*v. Let x(d) = o*r(d) + 3*a(d). Give x(4).
4
Suppose l + 4*l + 20 = 0. Let d(h) = 3*h + 1 + h + 0*h**2 + h**2 + 0. What is d(l)?
1
Let g(o) = -5*o**2 + 3*o - 1. Let y(q) = -14*q**2 + 9*q - 3. Let c(r) = 11*g(r) - 4*y(r). Let p be 20/15 + 3 - 4/(-6). Calculate c(p).
11
Let g(u) = -2*u + 5. Let y(i) = -i**3 + 2*i**2 - 3*i + 6. Let o be y(2). Calculate g(o).
5
Suppose -3*n + 5*b + 2 = 0, -5*b = -2*n + 5*n - 22. Let r(v) be the first derivative of v**3/3 - 3*v**2 + 6*v - 1. Calculate r(n).
-2
Let v(d) = d + 10. Let z be v(-7). Let g(h) be the second derivative of 1/4*h**4 + 2*h + 0 + 1/6*h**z + 1/2*h**2. Calculate g(-1).
3
Let l(y) = y**2 + 4*y + 3. Let i(w) be the third derivative of -1/120*w**6 + 2*w**2 + 0*w + 3/2*w**3 - 1/10*w**5 + 1/12*w**4 + 0. Let f be i(-6). Give l(f).
0
Let y(c) = -c + 7. Let z be (-7)/(-42) - (-74)/(-12). Determine y(z).
13
Let x be 3 - 1/(3/6). Suppose 0 = a + 2 - x. Let v be a/2*(3 - 5). Let d(f) = 4*f**2. Determine d(v).
4
Let i(u) be the third derivative of -u**4/24 - u**3/2 + u**2 + 6. Give i(-3).
0
Let l(j) = 2*j**2 - j. Let o be l(1). Suppose -4*m = o - 13. Suppose 6*x - m*x + k + 8 = 0, -5*x - 2*k - 12 = 0. Let f(z) = -z - 4. Give f(x).
0
Let l(a) = -3 + a**2 + 2 - 2*a + 12*a 